{"id":557,"date":"2022-01-22T19:25:08","date_gmt":"2022-01-22T18:25:08","guid":{"rendered":"http:\/\/macolocamienoise.fr\/?page_id=557"},"modified":"2024-09-01T09:11:53","modified_gmt":"2024-09-01T07:11:53","slug":"chambre-5-en-colocation-st-pierre","status":"publish","type":"page","link":"https:\/\/macolocamienoise.fr\/index.php\/chambre-5-en-colocation-st-pierre\/","title":{"rendered":"Chambre 5 en colocation &#8211; St Pierre"},"content":{"rendered":"\n<p id=\"block-aca32d03-46cf-4e3a-b57f-bf5313e2edab\"><em>Chambre \u00e0 louer<\/em><\/p>\n\n\n\n<p id=\"block-aca32d03-46cf-4e3a-b57f-bf5313e2edab\">Cette chambre de 9 m2 est propos\u00e9e \u00e0 la location en meubl\u00e9e dans une maison enti\u00e8rement r\u00e9nov\u00e9e avec fen\u00eatres double vitrage en oscillo battants. Une cours \u00e9quip\u00e9e d&rsquo;un salon de jardin.<\/p>\n\n\n\n<figure class=\"wp-block-embed is-type-video is-provider-youtube wp-block-embed-youtube wp-embed-aspect-4-3 wp-has-aspect-ratio\"><div class=\"wp-block-embed__wrapper\">\n<iframe loading=\"lazy\" title=\"Coloc quartier Saint-Pierre \u00e0 Amiens\" width=\"750\" height=\"563\" src=\"https:\/\/www.youtube.com\/embed\/S4-5vi3zx8g?feature=oembed\" frameborder=\"0\" allow=\"accelerometer; autoplay; clipboard-write; encrypted-media; gyroscope; picture-in-picture; web-share\" referrerpolicy=\"strict-origin-when-cross-origin\" allowfullscreen><\/iframe>\n<\/div><\/figure>\n\n\n\n<p id=\"block-a0e579d1-2088-4c9b-878a-3220cf3a97cb\">Situ\u00e9e \u00e0 Amiens, Quartier Saint-Pierre, la maison \u00e0 une situation g\u00e9ographique id\u00e9ale (moins de 5 minutes \u00e0 pied de la citadelle et du parc Saint Pierre, \u00e0 5 minutes de commerces et 10 minutes de l\u2019hypercentre).<\/p>\n\n\n\n<p id=\"block-38d20c2b-1bab-42f6-84eb-1e3d70fa18eb\">La chambre est situ\u00e9e au 2nd \u00e9tage dans une maison de 110 m2 comprenant : Au RDC une pi\u00e8ce de vie commune avec cuisine, sellier attenant, et salle de bain avec WC. Au 1er \u00e9tage, se trouvent une salle de bain avec WC et 2 chambres. Au second 2 chambres.<\/p>\n\n\n\n<p id=\"block-8f6dd352-69fb-4ecf-b1c1-bd18c3fab234\">La chambre est \u00e9quip\u00e9e d\u2019une TV HD connect\u00e9e, un lit, un dressing, une table de chevet et une lampe, un bureau avec lampe et chaise. La chambre ferme \u00e0 cl\u00e9s.<\/p>\n\n\n\n<div class=\"wp-block-columns\">\n<div class=\"wp-block-column\">\n<figure class=\"wp-block-image size-large\"><img loading=\"lazy\" width=\"1024\" height=\"768\" src=\"http:\/\/macolocamienoise.fr\/wp-content\/uploads\/2022\/08\/1659876919179-1024x768.jpg\" alt=\"\" class=\"wp-image-777\" srcset=\"https:\/\/macolocamienoise.fr\/wp-content\/uploads\/2022\/08\/1659876919179-1024x768.jpg 1024w, https:\/\/macolocamienoise.fr\/wp-content\/uploads\/2022\/08\/1659876919179-300x225.jpg 300w, https:\/\/macolocamienoise.fr\/wp-content\/uploads\/2022\/08\/1659876919179-768x576.jpg 768w, https:\/\/macolocamienoise.fr\/wp-content\/uploads\/2022\/08\/1659876919179-1536x1152.jpg 1536w, https:\/\/macolocamienoise.fr\/wp-content\/uploads\/2022\/08\/1659876919179-2048x1536.jpg 2048w\" sizes=\"(max-width: 1024px) 100vw, 1024px\" \/><\/figure>\n\n\n\n<figure class=\"wp-block-image size-large\"><img loading=\"lazy\" width=\"1024\" height=\"768\" src=\"http:\/\/macolocamienoise.fr\/wp-content\/uploads\/2022\/08\/1659876919142-1024x768.jpg\" alt=\"\" class=\"wp-image-780\" srcset=\"https:\/\/macolocamienoise.fr\/wp-content\/uploads\/2022\/08\/1659876919142-1024x768.jpg 1024w, https:\/\/macolocamienoise.fr\/wp-content\/uploads\/2022\/08\/1659876919142-300x225.jpg 300w, https:\/\/macolocamienoise.fr\/wp-content\/uploads\/2022\/08\/1659876919142-768x576.jpg 768w, https:\/\/macolocamienoise.fr\/wp-content\/uploads\/2022\/08\/1659876919142-1536x1152.jpg 1536w, https:\/\/macolocamienoise.fr\/wp-content\/uploads\/2022\/08\/1659876919142-2048x1536.jpg 2048w\" sizes=\"(max-width: 1024px) 100vw, 1024px\" \/><\/figure>\n<\/div>\n\n\n\n<div class=\"wp-block-column\">\n<figure class=\"wp-block-image size-large\"><img loading=\"lazy\" width=\"1024\" height=\"768\" src=\"http:\/\/macolocamienoise.fr\/wp-content\/uploads\/2022\/08\/1659876919161-1024x768.jpg\" alt=\"\" class=\"wp-image-778\" srcset=\"https:\/\/macolocamienoise.fr\/wp-content\/uploads\/2022\/08\/1659876919161-1024x768.jpg 1024w, https:\/\/macolocamienoise.fr\/wp-content\/uploads\/2022\/08\/1659876919161-300x225.jpg 300w, https:\/\/macolocamienoise.fr\/wp-content\/uploads\/2022\/08\/1659876919161-768x576.jpg 768w, https:\/\/macolocamienoise.fr\/wp-content\/uploads\/2022\/08\/1659876919161-1536x1152.jpg 1536w, https:\/\/macolocamienoise.fr\/wp-content\/uploads\/2022\/08\/1659876919161-2048x1536.jpg 2048w\" sizes=\"(max-width: 1024px) 100vw, 1024px\" \/><figcaption>Chambre au 2nd \u00e9tage<\/figcaption><\/figure>\n<\/div>\n<\/div>\n\n\n\n<p id=\"block-d6928357-00db-4908-ae19-09c0e225201f\">La cuisine commune est toute \u00e9quip\u00e9e (lave-vaisselle, r\u00e9frig\u00e9rateur, four, micro-ondes, plaques de cuisson, ustensiles de cuisine).<\/p>\n\n\n\n<div class=\"wp-block-columns\">\n<div class=\"wp-block-column\">\n<figure class=\"wp-block-gallery columns-1 is-cropped\"><ul class=\"blocks-gallery-grid\"><li class=\"blocks-gallery-item\"><figure><img loading=\"lazy\" width=\"769\" height=\"1024\" src=\"http:\/\/macolocamienoise.fr\/wp-content\/uploads\/2022\/01\/cuisine-1-769x1024.jpg\" alt=\"\" data-id=\"529\" data-full-url=\"http:\/\/macolocamienoise.fr\/wp-content\/uploads\/2022\/01\/cuisine-1-scaled.jpg\" data-link=\"http:\/\/macolocamienoise.fr\/index.php\/chambre-1-en-colocation-st-pierre\/cuisine-1\/\" class=\"wp-image-529\" srcset=\"https:\/\/macolocamienoise.fr\/wp-content\/uploads\/2022\/01\/cuisine-1-769x1024.jpg 769w, https:\/\/macolocamienoise.fr\/wp-content\/uploads\/2022\/01\/cuisine-1-225x300.jpg 225w, https:\/\/macolocamienoise.fr\/wp-content\/uploads\/2022\/01\/cuisine-1-768x1022.jpg 768w, https:\/\/macolocamienoise.fr\/wp-content\/uploads\/2022\/01\/cuisine-1-1154x1536.jpg 1154w, https:\/\/macolocamienoise.fr\/wp-content\/uploads\/2022\/01\/cuisine-1-1538x2048.jpg 1538w, https:\/\/macolocamienoise.fr\/wp-content\/uploads\/2022\/01\/cuisine-1-scaled.jpg 1923w\" sizes=\"(max-width: 769px) 100vw, 769px\" \/><\/figure><\/li><\/ul><figcaption class=\"blocks-gallery-caption\">Cuisine RDC<\/figcaption><\/figure>\n<\/div>\n\n\n\n<div class=\"wp-block-column\">\n<figure class=\"wp-block-image size-large is-resized\"><img loading=\"lazy\" src=\"http:\/\/macolocamienoise.fr\/wp-content\/uploads\/2022\/01\/cuisine-3-769x1024.jpg\" alt=\"\" class=\"wp-image-530\" width=\"382\" height=\"508\" srcset=\"https:\/\/macolocamienoise.fr\/wp-content\/uploads\/2022\/01\/cuisine-3-769x1024.jpg 769w, https:\/\/macolocamienoise.fr\/wp-content\/uploads\/2022\/01\/cuisine-3-225x300.jpg 225w, https:\/\/macolocamienoise.fr\/wp-content\/uploads\/2022\/01\/cuisine-3-768x1022.jpg 768w, https:\/\/macolocamienoise.fr\/wp-content\/uploads\/2022\/01\/cuisine-3-1154x1536.jpg 1154w, https:\/\/macolocamienoise.fr\/wp-content\/uploads\/2022\/01\/cuisine-3-1538x2048.jpg 1538w, https:\/\/macolocamienoise.fr\/wp-content\/uploads\/2022\/01\/cuisine-3-scaled.jpg 1923w\" sizes=\"(max-width: 382px) 100vw, 382px\" \/><figcaption>Cuisine RDC<\/figcaption><\/figure>\n<\/div>\n<\/div>\n\n\n\n<p id=\"block-899a6036-4438-4861-9c75-4076e33831bf\">Les deux espaces salle de bain sont \u00e9quip\u00e9s d\u2019une douche, d\u2019un lavabo, un WC et un meuble de rangement. Pour votre confort vous trouverez \u00e9galement un s\u00e8che serviette. Le lave linge se trouve dans le sellier au RDC.<\/p>\n\n\n\n<div class=\"wp-block-columns\">\n<div class=\"wp-block-column\">\n<figure class=\"wp-block-image size-large\"><img loading=\"lazy\" width=\"769\" height=\"1024\" src=\"http:\/\/macolocamienoise.fr\/wp-content\/uploads\/2022\/01\/sdb-wc-RDC-769x1024.jpg\" alt=\"\" class=\"wp-image-528\" srcset=\"https:\/\/macolocamienoise.fr\/wp-content\/uploads\/2022\/01\/sdb-wc-RDC-769x1024.jpg 769w, https:\/\/macolocamienoise.fr\/wp-content\/uploads\/2022\/01\/sdb-wc-RDC-225x300.jpg 225w, https:\/\/macolocamienoise.fr\/wp-content\/uploads\/2022\/01\/sdb-wc-RDC-768x1022.jpg 768w, https:\/\/macolocamienoise.fr\/wp-content\/uploads\/2022\/01\/sdb-wc-RDC-1154x1536.jpg 1154w, https:\/\/macolocamienoise.fr\/wp-content\/uploads\/2022\/01\/sdb-wc-RDC-1538x2048.jpg 1538w, https:\/\/macolocamienoise.fr\/wp-content\/uploads\/2022\/01\/sdb-wc-RDC-scaled.jpg 1923w\" sizes=\"(max-width: 769px) 100vw, 769px\" \/><figcaption>SDB RDC<\/figcaption><\/figure>\n<\/div>\n\n\n\n<div class=\"wp-block-column\">\n<figure class=\"wp-block-image size-large\"><img loading=\"lazy\" width=\"769\" height=\"1024\" src=\"http:\/\/macolocamienoise.fr\/wp-content\/uploads\/2022\/01\/sdb-1er-etage-769x1024.jpg\" alt=\"\" class=\"wp-image-527\" srcset=\"https:\/\/macolocamienoise.fr\/wp-content\/uploads\/2022\/01\/sdb-1er-etage-769x1024.jpg 769w, https:\/\/macolocamienoise.fr\/wp-content\/uploads\/2022\/01\/sdb-1er-etage-225x300.jpg 225w, https:\/\/macolocamienoise.fr\/wp-content\/uploads\/2022\/01\/sdb-1er-etage-768x1022.jpg 768w, https:\/\/macolocamienoise.fr\/wp-content\/uploads\/2022\/01\/sdb-1er-etage-1154x1536.jpg 1154w, https:\/\/macolocamienoise.fr\/wp-content\/uploads\/2022\/01\/sdb-1er-etage-1538x2048.jpg 1538w, https:\/\/macolocamienoise.fr\/wp-content\/uploads\/2022\/01\/sdb-1er-etage-scaled.jpg 1923w\" sizes=\"(max-width: 769px) 100vw, 769px\" \/><figcaption>SDB 1er \u00e9tage<\/figcaption><\/figure>\n<\/div>\n<\/div>\n\n\n\n<p id=\"block-8f762921-6674-46e4-a52b-37f3b6c33981\">Acc\u00e8s internet avec fibre.<\/p>\n\n\n\n<p id=\"block-fcf07332-7139-4880-a7be-6b0e88ac84f6\">Le loyer est de 330 euros + 60 euros de charges (eau, \u00e9lectricit\u00e9, chauffage, wifi illimit\u00e9 et ordures m\u00e9nag\u00e8res).<\/p>\n\n\n\n<p id=\"block-228260fc-7ec5-423e-9ec3-ad80d8b5d85c\">A pr\u00e9voir, l&rsquo;assurance locataire pour la chambre et les parties communes.<\/p>\n\n\n\n<p id=\"block-0e942af2-f70f-41a5-9543-c89f00e3d17e\">Bail individuel, garantie accept\u00e9e : caution parents<\/p>\n","protected":false},"excerpt":{"rendered":"<p>Chambre \u00e0 louer Cette chambre de 9 m2 est propos\u00e9e \u00e0 la location en meubl\u00e9e dans une maison enti\u00e8rement r\u00e9nov\u00e9e avec fen\u00eatres double vitrage en oscillo battants. Une cours \u00e9quip\u00e9e d&rsquo;un salon de jardin. Situ\u00e9e \u00e0 Amiens, Quartier Saint-Pierre, la maison \u00e0 une situation g\u00e9ographique id\u00e9ale (moins de 5 minutes [&hellip;]<\/p>\n","protected":false},"author":1,"featured_media":0,"parent":0,"menu_order":0,"comment_status":"closed","ping_status":"closed","template":"","meta":[],"_links":{"self":[{"href":"https:\/\/macolocamienoise.fr\/index.php\/wp-json\/wp\/v2\/pages\/557"}],"collection":[{"href":"https:\/\/macolocamienoise.fr\/index.php\/wp-json\/wp\/v2\/pages"}],"about":[{"href":"https:\/\/macolocamienoise.fr\/index.php\/wp-json\/wp\/v2\/types\/page"}],"author":[{"embeddable":true,"href":"https:\/\/macolocamienoise.fr\/index.php\/wp-json\/wp\/v2\/users\/1"}],"replies":[{"embeddable":true,"href":"https:\/\/macolocamienoise.fr\/index.php\/wp-json\/wp\/v2\/comments?post=557"}],"version-history":[{"count":17,"href":"https:\/\/macolocamienoise.fr\/index.php\/wp-json\/wp\/v2\/pages\/557\/revisions"}],"predecessor-version":[{"id":932,"href":"https:\/\/macolocamienoise.fr\/index.php\/wp-json\/wp\/v2\/pages\/557\/revisions\/932"}],"wp:attachment":[{"href":"https:\/\/macolocamienoise.fr\/index.php\/wp-json\/wp\/v2\/media?parent=557"}],"curies":[{"name":"wp","href":"https:\/\/api.w.org\/{rel}","templated":true}]}}